{"id":812,"date":"2020-10-06T08:17:52","date_gmt":"2020-10-06T08:17:52","guid":{"rendered":"http:\/\/ceipluiscernudacastilleja.es\/?page_id=812"},"modified":"2022-05-19T17:23:29","modified_gmt":"2022-05-19T17:23:29","slug":"covid","status":"publish","type":"page","link":"https:\/\/ceipluiscernudacastilleja.es\/?page_id=812","title":{"rendered":"COVID"},"content":{"rendered":"\n<p class=\"has-vivid-red-color has-text-color has-large-font-size\"><strong>ACTUALIZACI\u00d3N MAYO 2022<\/strong><\/p>\n\n\n\n<div data-wp-interactive=\"\" class=\"wp-block-file\"><object data-wp-bind--hidden=\"!selectors.core.file.hasPdfPreview\" hidden class=\"wp-block-file__embed\" data=\"http:\/\/ceipluiscernudacastilleja.es\/wp-content\/uploads\/2022\/05\/2022_05_03_Medidas_C_educ_covid.pdf\" type=\"application\/pdf\" style=\"width:100%;height:600px\" aria-label=\"Incrustado de Incrustado de 2022_05_03_Medidas_C_educ_covid..\"><\/object><a href=\"http:\/\/ceipluiscernudacastilleja.es\/wp-content\/uploads\/2022\/05\/2022_05_03_Medidas_C_educ_covid.pdf\">2022_05_03_Medidas_C_educ_covid<\/a><a href=\"http:\/\/ceipluiscernudacastilleja.es\/wp-content\/uploads\/2022\/05\/2022_05_03_Medidas_C_educ_covid.pdf\" class=\"wp-block-file__button\" download>Descarga<\/a><\/div>\n\n\n\n<p class=\"has-large-font-size\">ACTUALIZACI\u00d3N ABRIL DE 2022<\/p>\n\n\n\n<div data-wp-interactive=\"\" class=\"wp-block-file\"><object data-wp-bind--hidden=\"!selectors.core.file.hasPdfPreview\" hidden class=\"wp-block-file__embed\" data=\"http:\/\/ceipluiscernudacastilleja.es\/wp-content\/uploads\/2022\/04\/Nueva-estrategia-Vigilancia-.pdf\" type=\"application\/pdf\" style=\"width:100%;height:600px\" aria-label=\"Incrustado de Incrustado de Nueva-estrategia-Vigilancia-..\"><\/object><a href=\"http:\/\/ceipluiscernudacastilleja.es\/wp-content\/uploads\/2022\/04\/Nueva-estrategia-Vigilancia-.pdf\">Nueva-estrategia-Vigilancia-<\/a><a href=\"http:\/\/ceipluiscernudacastilleja.es\/wp-content\/uploads\/2022\/04\/Nueva-estrategia-Vigilancia-.pdf\" class=\"wp-block-file__button\" download>Descarga<\/a><\/div>\n\n\n\n<p class=\"has-large-font-size\"><strong>\u00daltimo documento enviado por el enfermero referente.<\/strong><\/p>\n\n\n\n<p><a href=\"https:\/\/www.scribd.com\/document\/564526045\/Acuerdo-CSP-Eliminacion-Cuarentenas-01-03-2022\">https:\/\/www.scribd.com\/document\/564526045\/Acuerdo-CSP-Eliminacion-Cuarentenas-01-03-2022<\/a><\/p>\n\n\n\n<h2 class=\"wp-block-heading\">Aclaracioes del 30 de enero.<\/h2>\n\n\n\n<p><\/p>\n\n\n\n<p><a href=\"https:\/\/www.scribd.com\/document\/557392610\/ActualizacionCentrosDocentes30Ene22\">https:\/\/www.scribd.com\/document\/557392610\/ActualizacionCentrosDocentes30Ene22<\/a><\/p>\n\n\n\n<p><\/p>\n\n\n\n<p class=\"has-light-green-cyan-background-color has-background has-large-font-size\">NUEVAS ACTUACIONES E INFOGRAF\u00cdA <\/p>\n\n\n\n<p><a href=\"https:\/\/www.scribd.com\/document\/553963703\/20220113-protocolo-act-casos-en-Centro-Docentes-No-Universitarios-13-Enero\">https:\/\/www.scribd.com\/document\/553963703\/20220113-protocolo-act-casos-en-Centro-Docentes-No-Universitarios-13-Enero<\/a><\/p>\n\n\n\n<p><a href=\"https:\/\/www.scribd.com\/document\/553963757\/INFOGRAFIA-COVID-2022\">https:\/\/www.scribd.com\/document\/553963757\/INFOGRAFIA-COVID-2022<\/a><\/p>\n\n\n\n<p class=\"has-light-green-cyan-background-color has-background\" style=\"font-size:28px\">PROTOCOLO COVID 21\/22 DEL  CEIP LUIS CERNUDA<\/p>\n\n\n\n<figure class=\"wp-block-embed is-type-rich is-provider-scribd wp-block-embed-scribd wp-embed-aspect-9-16 wp-has-aspect-ratio\"><div class=\"wp-block-embed__wrapper\">\n<iframe loading=\"lazy\" title=\"Protocolo Covid 21-22\" class=\"scribd_iframe_embed\" src=\"https:\/\/www.scribd.com\/embeds\/524128304\/content\" data-aspect-ratio=\"0.7080062794348508\" scrolling=\"no\" id=\"524128304\" width=\"1000\" height=\"1000\" frameborder=\"0\"><\/iframe><script type=\"text\/javascript\">          (function() { var scribd = document.createElement(\"script\"); scribd.type = \"text\/javascript\"; scribd.async = true; scribd.src = \"https:\/\/www.scribd.com\/javascripts\/embed_code\/inject.js\"; var s = document.getElementsByTagName(\"script\")[0]; s.parentNode.insertBefore(scribd, s); })()        <\/script>\n<\/div><\/figure>\n\n\n\n<p class=\"has-light-green-cyan-background-color has-background\" style=\"font-size:21px\"><em>MEDIDAS DE PREVENCI\u00d3N, PROTECCI\u00d3N, VIGILANCIA Y PROMOCI\u00d3N DE SALUD. COVID-19 para CENTROS Y SERVICIOS EDUCATIVOS DOCENTES (NO UNIVERSITARIOS) DE ANDALUC\u00cdA. CURSO 2021\/2022\u201d, publicado por la Direcci\u00f3n General de Salud P\u00fablica y Ordenaci\u00f3n Farmac\u00e9utica de la Consejer\u00eda de Salud y Familias de la Junta de Andaluc\u00eda, de fecha 29.06.2021.<\/em><\/p>\n\n\n\n<figure class=\"wp-block-embed is-type-rich is-provider-scribd wp-block-embed-scribd wp-embed-aspect-9-16 wp-has-aspect-ratio\"><div class=\"wp-block-embed__wrapper\">\n<iframe loading=\"lazy\" title=\"210629 Documento Medidas Salud\" class=\"scribd_iframe_embed\" src=\"https:\/\/www.scribd.com\/embeds\/521931966\/content\" data-aspect-ratio=\"0.7080062794348508\" scrolling=\"no\" id=\"521931966\" width=\"1000\" height=\"1000\" frameborder=\"0\"><\/iframe><script type=\"text\/javascript\">          (function() { var scribd = document.createElement(\"script\"); scribd.type = \"text\/javascript\"; scribd.async = true; scribd.src = \"https:\/\/www.scribd.com\/javascripts\/embed_code\/inject.js\"; var s = document.getElementsByTagName(\"script\")[0]; s.parentNode.insertBefore(scribd, s); })()        <\/script>\n<\/div><\/figure>\n\n\n\n<div class=\"wp-block-file\"><a href=\"http:\/\/ceipluiscernudacastilleja.es\/wp-content\/uploads\/2021\/08\/210629_Documento_medidas_salud.pdf\">210629_Documento_medidas_salud<\/a><a href=\"http:\/\/ceipluiscernudacastilleja.es\/wp-content\/uploads\/2021\/08\/210629_Documento_medidas_salud.pdf\" class=\"wp-block-file__button\" download>Descarga<\/a><\/div>\n\n\n\n<p class=\"has-luminous-vivid-amber-background-color has-background has-medium-font-size\"><strong>Recomendaciones para una buena VENTILACI\u00d3N EN LAS AULAS, remitidas por la Comisi\u00f3n &nbsp;Auton\u00f3mica&nbsp; para&nbsp; el seguimiento de&nbsp;medidas&nbsp;frente&nbsp;a&nbsp;la&nbsp;COVID-19<\/strong>.<\/p>\n\n\n\n<div class=\"wp-block-file\"><a href=\"http:\/\/ceipluiscernudacastilleja.es\/wp-content\/uploads\/2020\/12\/20201216-Documento_ventilacion_aulas.pdf\">20201216-Documento_ventilacion_aulas<\/a><a href=\"http:\/\/ceipluiscernudacastilleja.es\/wp-content\/uploads\/2020\/12\/20201216-Documento_ventilacion_aulas.pdf\" class=\"wp-block-file__button\" download>Descarga<\/a><\/div>\n\n\n\n<p class=\"has-pale-pink-background-color has-background\">En el marco de la crisis sanitaria producida por el COVID-19, el pasado 29 de junio se elabor\u00f3 por las Consejer\u00edas de Salud y Familias y de Educaci\u00f3n y Deporte el documento que recog\u00eda las MEDIDAS DE PREVENCI\u00d3N, PROTECCI\u00d3N, VIGILANCIA Y PRO-MOCI\u00d3N DE SALUD. COVID-19. CENTROS Y SERVICIOS EDUCATIVOS DOCENTES (NO UNIVERSITARIOS) DE ANDALUC\u00cdA. CURSO 2020\/2021. Este documento recog\u00eda una serie de actuaciones referidas al control y gesti\u00f3n de casos relacionados con la COVID-19 en el \u00e1mbito escolar no universitario.<br><br>Vista la evoluci\u00f3n de la pandemia, en agosto se revis\u00f3 el documento y se a\u00f1adi\u00f3 un anexo al punto 7. Ahora se ha considerado pertinente por la Consejer\u00eda de Salud y Familias actualizar dicho anexo, por lo que partiendo y actualizando lo ya considerado, se ha establecido de forma clara y comprensible para toda la comunidad educativa y para los servicios de salud p\u00fablica, las diversas actuaciones y comunicaciones que deben emprenderse ante la posible existencia de casos relacionados con la COVID-19 en el \u00e1mbito escolar no universitario de Andaluc\u00eda. Por ello se remite una actualizaci\u00f3n del anexo al punto 7 del documento \u00abMEDIDAS DE PREVENCI\u00d3N, PROTECCI\u00d3N, VIGILANCIA Y PROMOCI\u00d3N DE LA SALUD COVID-19\u201d (20 junio 2020), denominado \u00abGESTI\u00d3N DE CASOS: Actuaciones ante sospecha y confirmaci\u00f3n. CENTROS Y SERVICIOS EDUCATIVOS DOCENTES (NO UNIVERSITARIOS) DE ANDALUC\u00cdA. CURSO 2020\/2021\u00bb.<\/p>\n\n\n\n<div class=\"wp-block-file\"><a href=\"http:\/\/ceipluiscernudacastilleja.es\/wp-content\/uploads\/2020\/10\/05-10-2020-PROTOCOLO_ACT_CASOS_CENTRO_DOCENTE_2020-10-02.pdf\">05-10-2020-PROTOCOLO_ACT_CASOS_CENTRO_DOCENTE_2020-10-02<\/a><a href=\"http:\/\/ceipluiscernudacastilleja.es\/wp-content\/uploads\/2020\/10\/05-10-2020-PROTOCOLO_ACT_CASOS_CENTRO_DOCENTE_2020-10-02.pdf\" class=\"wp-block-file__button\" download>Descarga<\/a><\/div>\n\n\n\n<p class=\"has-luminous-vivid-amber-background-color has-background\">Acuerdo de 28 de agosto de 2020, del Consejo de Gobierno, por el que se toma<br>conocimiento de las medidas de prevenci\u00f3n, protecci\u00f3n, vigilancia y promoci\u00f3n<br>de la salud ante casos de COVID-19 en centros y servicios educativos docentes<br>no universitarios de Andaluc\u00eda.<\/p>\n\n\n\n<div class=\"wp-block-file\"><a href=\"http:\/\/ceipluiscernudacastilleja.es\/wp-content\/uploads\/2020\/10\/acuerdo-28-08-1.pdf\">acuerdo-28-08-1<\/a><a href=\"http:\/\/ceipluiscernudacastilleja.es\/wp-content\/uploads\/2020\/10\/acuerdo-28-08-1.pdf\" class=\"wp-block-file__button\" download>Descarga<\/a><\/div>\n\n\n\n<p class=\"has-text-align-center has-vivid-purple-background-color has-background\" style=\"font-size:30px\"><strong>CARTELER\u00cdA<\/strong><\/p>\n\n\n\n<div class=\"wp-block-image\"><figure class=\"aligncenter size-large\"><img loading=\"lazy\" decoding=\"async\" width=\"900\" height=\"623\" src=\"http:\/\/ceipluiscernudacastilleja.es\/wp-content\/uploads\/2020\/11\/Cartel_C\u00f3moLavarseLasManos_Infantil05032020-1_page-0001-900x623-1.jpg\" alt=\"\" class=\"wp-image-852\" srcset=\"https:\/\/ceipluiscernudacastilleja.es\/wp-content\/uploads\/2020\/11\/Cartel_C\u00f3moLavarseLasManos_Infantil05032020-1_page-0001-900x623-1.jpg 900w, https:\/\/ceipluiscernudacastilleja.es\/wp-content\/uploads\/2020\/11\/Cartel_C\u00f3moLavarseLasManos_Infantil05032020-1_page-0001-900x623-1-300x208.jpg 300w, https:\/\/ceipluiscernudacastilleja.es\/wp-content\/uploads\/2020\/11\/Cartel_C\u00f3moLavarseLasManos_Infantil05032020-1_page-0001-900x623-1-768x532.jpg 768w\" sizes=\"(max-width: 900px) 100vw, 900px\" \/><\/figure><\/div>\n\n\n\n<div class=\"wp-block-image\"><figure class=\"aligncenter size-large\"><img loading=\"lazy\" decoding=\"async\" width=\"623\" height=\"900\" src=\"http:\/\/ceipluiscernudacastilleja.es\/wp-content\/uploads\/2020\/11\/InfografiaManos_PoblacionInfantil05032020_page-0001-1-623x900-1.jpg\" alt=\"\" class=\"wp-image-855\" srcset=\"https:\/\/ceipluiscernudacastilleja.es\/wp-content\/uploads\/2020\/11\/InfografiaManos_PoblacionInfantil05032020_page-0001-1-623x900-1.jpg 623w, https:\/\/ceipluiscernudacastilleja.es\/wp-content\/uploads\/2020\/11\/InfografiaManos_PoblacionInfantil05032020_page-0001-1-623x900-1-208x300.jpg 208w\" sizes=\"(max-width: 623px) 100vw, 623px\" \/><\/figure><\/div>\n\n\n\n<div class=\"wp-block-image\"><figure class=\"aligncenter size-large\"><img loading=\"lazy\" decoding=\"async\" width=\"675\" height=\"900\" src=\"http:\/\/ceipluiscernudacastilleja.es\/wp-content\/uploads\/2020\/11\/Poster_QueDigoAPobInfantil_06032020-2_page-0001-675x900-1.jpg\" alt=\"\" class=\"wp-image-857\" srcset=\"https:\/\/ceipluiscernudacastilleja.es\/wp-content\/uploads\/2020\/11\/Poster_QueDigoAPobInfantil_06032020-2_page-0001-675x900-1.jpg 675w, https:\/\/ceipluiscernudacastilleja.es\/wp-content\/uploads\/2020\/11\/Poster_QueDigoAPobInfantil_06032020-2_page-0001-675x900-1-225x300.jpg 225w\" sizes=\"(max-width: 675px) 100vw, 675px\" \/><\/figure><\/div>\n","protected":false},"excerpt":{"rendered":"<p>ACTUALIZACI\u00d3N MAYO 2022 ACTUALIZACI\u00d3N ABRIL DE 2022 \u00daltimo documento enviado por el enfermero referente. https:\/\/www.scribd.com\/document\/564526045\/Acuerdo-CSP-Eliminacion-Cuarentenas-01-03-2022 Aclaracioes del 30 de enero. https:\/\/www.scribd.com\/document\/557392610\/ActualizacionCentrosDocentes30Ene22 NUEVAS ACTUACIONES E INFOGRAF\u00cdA https:\/\/www.scribd.com\/document\/553963703\/20220113-protocolo-act-casos-en-Centro-Docentes-No-Universitarios-13-Enero https:\/\/www.scribd.com\/document\/553963757\/INFOGRAFIA-COVID-2022 PROTOCOLO COVID 21\/22 DEL CEIP LUIS CERNUDA MEDIDAS DE PREVENCI\u00d3N, PROTECCI\u00d3N, VIGILANCIA Y PROMOCI\u00d3N DE SALUD. COVID-19 para CENTROS Y SERVICIOS EDUCATIVOS DOCENTES (NO UNIVERSITARIOS) DE ANDALUC\u00cdA. CURSO [&hellip;]<\/p>\n","protected":false},"author":1,"featured_media":0,"parent":0,"menu_order":7,"comment_status":"closed","ping_status":"closed","template":"","meta":{"footnotes":""},"_links":{"self":[{"href":"https:\/\/ceipluiscernudacastilleja.es\/index.php?rest_route=\/wp\/v2\/pages\/812"}],"collection":[{"href":"https:\/\/ceipluiscernudacastilleja.es\/index.php?rest_route=\/wp\/v2\/pages"}],"about":[{"href":"https:\/\/ceipluiscernudacastilleja.es\/index.php?rest_route=\/wp\/v2\/types\/page"}],"author":[{"embeddable":true,"href":"https:\/\/ceipluiscernudacastilleja.es\/index.php?rest_route=\/wp\/v2\/users\/1"}],"replies":[{"embeddable":true,"href":"https:\/\/ceipluiscernudacastilleja.es\/index.php?rest_route=%2Fwp%2Fv2%2Fcomments&post=812"}],"version-history":[{"count":30,"href":"https:\/\/ceipluiscernudacastilleja.es\/index.php?rest_route=\/wp\/v2\/pages\/812\/revisions"}],"predecessor-version":[{"id":2108,"href":"https:\/\/ceipluiscernudacastilleja.es\/index.php?rest_route=\/wp\/v2\/pages\/812\/revisions\/2108"}],"wp:attachment":[{"href":"https:\/\/ceipluiscernudacastilleja.es\/index.php?rest_route=%2Fwp%2Fv2%2Fmedia&parent=812"}],"curies":[{"name":"wp","href":"https:\/\/api.w.org\/{rel}","templated":true}]}}