{"id":3452,"date":"2026-09-02T11:24:32","date_gmt":"2026-09-02T11:24:32","guid":{"rendered":"https:\/\/ceipluiscernudacastilleja.es\/?page_id=3452"},"modified":"2026-09-02T11:32:21","modified_gmt":"2026-09-02T11:32:21","slug":"admision-extraordinaria","status":"publish","type":"page","link":"https:\/\/ceipluiscernudacastilleja.es\/?page_id=3452","title":{"rendered":"ADMISI\u00d3N EXTRAORDINARIA"},"content":{"rendered":"\n<p class=\"has-pale-pink-background-color has-background has-medium-font-size\">A lo largo del curso escolar, se pueden producir situaciones que requieran un cambio de centro escolar, por lo que tendr\u00e1 que solicitarlo a trav\u00e9s del siguiente formulario. Adem\u00e1s tendr\u00e1 que aportar la documentaci\u00f3n que se se\u00f1ala al final del documento para justificar la petici\u00f3n de cambio de centro. Es posible que desde la secretar\u00eda del centro se le puedan solicitar otros documentos como fotocopias de DNI de los progenitores, libro de familia &#8230;  A continuaci\u00f3n les dejamos el enlace directo a la solicitud.<\/p>\n\n\n\n<p class=\"has-pale-pink-background-color has-background has-medium-font-size\"><a href=\"https:\/\/www.juntadeandalucia.es\/educacion\/portales\/documents\/100629\/669352\/9_Anexo%20IX_002541_4.pdf\/fdf4344b-6c9e-be16-e927-4e63760f0992?version=1.0\" data-type=\"link\" data-id=\"https:\/\/www.juntadeandalucia.es\/educacion\/portales\/documents\/100629\/669352\/9_Anexo%20IX_002541_4.pdf\/fdf4344b-6c9e-be16-e927-4e63760f0992?version=1.0\" target=\"_blank\" rel=\"noreferrer noopener\"><strong>Anexo IX (escolarizaci\u00f3n extempor\u00e1nea)<\/strong><\/a><\/p>\n\n\n\n<p><\/p>\n","protected":false},"excerpt":{"rendered":"<p>A lo largo del curso escolar, se pueden producir situaciones que requieran un cambio de centro escolar, por lo que tendr\u00e1 que solicitarlo a trav\u00e9s del siguiente formulario. Adem\u00e1s tendr\u00e1 que aportar la documentaci\u00f3n que se se\u00f1ala al final del documento para justificar la petici\u00f3n de cambio de centro. Es posible que desde la secretar\u00eda [&hellip;]<\/p>\n","protected":false},"author":1,"featured_media":0,"parent":136,"menu_order":2,"comment_status":"closed","ping_status":"closed","template":"","meta":{"footnotes":""},"_links":{"self":[{"href":"https:\/\/ceipluiscernudacastilleja.es\/index.php?rest_route=\/wp\/v2\/pages\/3452"}],"collection":[{"href":"https:\/\/ceipluiscernudacastilleja.es\/index.php?rest_route=\/wp\/v2\/pages"}],"about":[{"href":"https:\/\/ceipluiscernudacastilleja.es\/index.php?rest_route=\/wp\/v2\/types\/page"}],"author":[{"embeddable":true,"href":"https:\/\/ceipluiscernudacastilleja.es\/index.php?rest_route=\/wp\/v2\/users\/1"}],"replies":[{"embeddable":true,"href":"https:\/\/ceipluiscernudacastilleja.es\/index.php?rest_route=%2Fwp%2Fv2%2Fcomments&post=3452"}],"version-history":[{"count":3,"href":"https:\/\/ceipluiscernudacastilleja.es\/index.php?rest_route=\/wp\/v2\/pages\/3452\/revisions"}],"predecessor-version":[{"id":3456,"href":"https:\/\/ceipluiscernudacastilleja.es\/index.php?rest_route=\/wp\/v2\/pages\/3452\/revisions\/3456"}],"up":[{"embeddable":true,"href":"https:\/\/ceipluiscernudacastilleja.es\/index.php?rest_route=\/wp\/v2\/pages\/136"}],"wp:attachment":[{"href":"https:\/\/ceipluiscernudacastilleja.es\/index.php?rest_route=%2Fwp%2Fv2%2Fmedia&parent=3452"}],"curies":[{"name":"wp","href":"https:\/\/api.w.org\/{rel}","templated":true}]}}

ADMISIÓN EXTRAORDINARIA

<p class="has-pale-pink-background-color has-background has-medium-font-size">A lo largo del curso escolar, se pueden producir situaciones que requieran un cambio de centro escolar, por lo que tendrá que solicitarlo a través del siguiente formulario. Además tendrá que aportar la documentación que se señala al final del documento para justificar la petición de cambio de centro. Es posible que desde la secretaría del centro se le puedan solicitar otros documentos como fotocopias de DNI de los progenitores, libro de familia &#8230;  A continuación les dejamos el enlace directo a la solicitud.</p>



<p class="has-pale-pink-background-color has-background has-medium-font-size"><a href="https://www.juntadeandalucia.es/educacion/portales/documents/100629/669352/9_Anexo%20IX_002541_4.pdf/fdf4344b-6c9e-be16-e927-4e63760f0992?version=1.0" data-type="link" data-id="https://www.juntadeandalucia.es/educacion/portales/documents/100629/669352/9_Anexo%20IX_002541_4.pdf/fdf4344b-6c9e-be16-e927-4e63760f0992?version=1.0" target="_blank" rel="noreferrer noopener"><strong>Anexo IX (escolarización extemporánea)</strong></a></p>



<p></p>

<p>A lo largo del curso escolar, se pueden producir situaciones que requieran un cambio de centro escolar, por lo que tendrá que solicitarlo a través del siguiente formulario. Además tendrá que aportar la documentación que se señala al final del documento para justificar la petición de cambio de centro. Es posible que desde la secretaría [&hellip;]</p>
